18/(-12) + 53/r is divided by 15?
10
Suppose -j = 3*g + 32, -42 = 4*g + 2*j - j. Let b be (g/(-2))/(5 - 6). Calculate the remainder when b + 3 + 5 - -28 is divided by 17.
14
Suppose 0 = 2*b - w - 1666, 2*b - 1176 = 2*w + 482. What is the remainder when b is divided by 428?
409
Suppose -2*j - 5*r + 5 + 6 = 0, 3*r + 3 = 0. Let x be 2*4/(j/(-7)). Calculate the remainder when 49 is divided by x/(-2)*(-1)/1*-4.
7
Let i(g) = -g**3 + 20*g**2 + 3*g - 39. Suppose y + 3*t = 26, -2*t - 12 = -y + 2*t. Calculate the remainder when (1 - 1) + -1 + 41 is divided by i(y).
19
Suppose 0 = -l - l - 14. Calculate the remainder when 27 is divided by (5 - (4 - l))*-1.
3
Suppose 5*h + 5*s = 795, 8*s - 4*s = 3*h - 498. Let r be 0 + (2 - 1) + -76. Let x = r + h. Calculate the remainder when x is divided by 32.
23
Let f = -300 - -305. Calculate the remainder when (-119)/(-11) - 2*f/(-55) is divided by (-1 + 4)/(-1 + 2).
2
Let m(g) = -21*g + 20. Let t(p) = 336*p - 321. Let v(k) = 33*m(k) + 2*t(k). Let w be v(2). What is the remainder when 8/w + (-182)/(-6) is divided by 8?
6
Let h(w) = -2*w**3 + 8*w**2 + 9*w - 7. Let g be h(5). Calculate the remainder when (-118)/g*10 + (-2)/(-3) is divided by 18.
9
Suppose -4*z + 2*j + 388 = 0, -5*j - 250 = -3*z + 34. Suppose 320*u - 71985 + 2247 = -8618. What is the remainder when u is divided by z?
93
Suppose -1652 - 8737 - 10371 = -40*d. Let k = -53 - -118. Calculate the remainder when d is divided by k.
64
Suppose 5*o - 297*u + 294*u = 337, -142 = -2*o + 3*u. Calculate the remainder when 136 is divided by o.
6
Let y(r) = -12*r + 52. Let l be y(4). What is the remainder when (-80 - -3 - -7)*l/(-5) is divided by 30?
26
Suppose -15 = -3*h + v + 44, 5*h = 2*v + 97. Suppose h = n - 2*w - w, -w + 5 = n. Calculate the remainder when 18 is divided by n.
0
Suppose 0*q + 4*q = 4. Calculate the remainder when -2 - (-52 + q - -3) is divided by ((-9)/(-5))/(((-261)/60)/(-29)).
10
Suppose -13*k + 19*k - 156 = 0. Suppose -4*g + k - 6 = 0. What is the remainder when 83 is divided by g?
3
Let v(n) = -104*n**3 + 2*n**2 + 2*n. What is the remainder when 5719 is divided by v(-1)?
103
Suppose 15 = -5*q, b - 183 = 4*q + 29. Calculate the remainder when 166 is divided by 41/3 - (b/(-15) + 14).
10
Let u = -1560 - -1772. What is the remainder when u is divided by 43?
40
Let h(z) = -9*z - 7. Let l be h(-7). Let x be (15/(-2))/(-4 - (-203)/l). Calculate the remainder when (-16 + 1)/((-144)/x - -7) is divided by 11.
9
Let i = 25670 + -25546. Calculate the remainder when 921 is divided by i.
53
Suppose 2*v - 240 = -3*y, -38 = -4*v + 3*y + 406. Let n = -30 - -59. What is the remainder when v is divided by n?
27
Let y(i) = -2*i**2 - i + 169. What is the remainder when y(0) is divided by -9*435/(-270)*2?
24
Suppose 25*n - 12095 + 2545 = 0. Calculate the remainder when n is divided by 26.
18
Suppose 1109 = 5*z - j, 17*j = 4*z + 19*j - 890. What is the remainder when 816 is divided by z?
150
Let v = -16 + 53. Suppose -z = -n - 24, 0 = 3*n + 7 + 5. Suppose -3*y + 4 = -z. What is the remainder when v is divided by y?
5
Calculate the remainder when 1246 is divided by 6 - (-9 + 7 - 8).
14
Let c(b) = b**2 + 8*b - 116. Let f be ((-2)/2)/((-3)/24). Calculate the remainder when 237 is divided by c(f).
9
Let o(u) = 98*u**2. Let b be o(1). Let g = -25 - b. Let v = g + 168. What is the remainder when 179 is divided by v?
44
Let o(z) = 3*z - 7. Let b = 2227 - 2216. Calculate the remainder when b is divided by o(4).
1
Suppose -2*y = 3*q + 68 + 230, 398 = -4*q - 2*y. Let c = q - -182. Calculate the remainder when c is divided by 6.
4
Let h(f) = 12*f**3 + 2*f**2 - 2*f - 2. Let j be h(1). Suppose d = j*d - 36. What is the remainder when 21 is divided by d?
1
Suppose -38*c - 101*c = -71168. Calculate the remainder when 1026 is divided by c.
2
Suppose 20*u + 35*u + 4070 = 0. Suppose -2*z + 5*z = -36. What is the remainder when 23 is divided by ((-7)/(-6))/(-7) + u/z?
5
Let h(r) = -4*r**2 - 96*r - 78. What is the remainder when 150 is divided by h(-23)?
10
Let h be 1 + (-860)/6 - 3/(-9). Let t = h - -315. Calculate the remainder when t is divided by 88.
85
Let z = -16513 + 16736. Calculate the remainder when 274 is divided by z.
51
Let n = -1080 - -1160. Let u = 147 - 91. Suppose 0 = -4*d + 2*d + u. What is the remainder when n is divided by d?
24
Let c = 17990 + -17830. Calculate the remainder when 2710 is divided by c.
150
Suppose -2*f - o + 238 = 0, 0 = 5*f + 1303*o - 1305*o - 577. Let d(u) = 20*u**2. What is the remainder when f is divided by d(1)?
17
Suppose 5*f - 4*o = -5*o - 115, 0 = -5*f - 2*o - 115. Let d = f - -43. What is the remainder when 40 is divided by d?
0
Let t(j) = -148*j - 381. What is the remainder when t(-5) is divided by 15?
14
Suppose 0 = 16*j - 383 - 753. What is the remainder when 79 is divided by j?
8
Let r(v) = -11*v - 39. Suppose 0 = -2*f + 1 - 15. Calculate the remainder when 0 - (-17*22)/2 is divided by r(f).
35
Let d = 77 + -77. Suppose d = 8*w - 4*w - 68. Suppose -3*h + 0*h + 27 = 4*c, 0 = -3*c + 4*h + 14. Calculate the remainder when w is divided by c.
5
Let c(j) = 6*j - 16. Let a(t) = 5*t - 14. Let r(h) = 6*a(h) - 4*c(h). Let y(b) = -12*b - 2. What is the remainder when y(-4) is divided by r(6)?
14
Let x(v) = 1 + 12 - 7 + 5*v. Let j be x(0). Suppose -84 = -j*f + 222. What is the remainder when f is divided by 11?
7
Suppose -3*z = -9*z + 4824. Suppose 4*y + g = z, -7*y + 5*y - 3*g = -392. Calculate the remainder when y is divided by 53.
43
Let p = -84 + -22. Let h(x) = x**3 + 7*x**2 - 10*x - 6. What is the remainder when h(-7) is divided by p/(-8) + (-11)/44?
12
Suppose -5*t + y = -138, 144*t - 141*t + 2*y - 62 = 0. Let j = 24 - 15. Calculate the remainder when t is divided by j.
8
Let d(j) = 5*j**2 - 432*j + 1315. Calculate the remainder when 365 is divided by d(3).
45
Let h(n) = -n**2 - 15*n - 13. Let t = 13 - 23. What is the remainder when h(t) is divided by (-2)/4 - (-1189)/58?
17
Calculate the remainder when 601 is divided by -15*597*(-11)/165.
4
Suppose 784 = 2*x + 4*k, -4*x + 1782 - 184 = 2*k. Suppose -4*h + x = -106. Calculate the remainder when h is divided by 26.
23
Suppose 4*k = -2*l + 238, -74*l + 4*k = -78*l + 416. Suppose -a - 4*a + 35 = 0. What is the remainder when l is divided by a?
5
Let q be (-15)/6*4/(-10). Suppose u + q - 17 = 0. What is the remainder when 79 is divided by u?
15
Suppose 0 = 28*l - 4562 + 1650. What is the remainder when l is divided by 115*6/4*(-10)/(-75)?
12
Let y = -2245 + 2253. What is the remainder when y is divided by 8/(-3)*(1 + 13/(-4))?
2
What is the remainder when 203 is divided by (8*(-6)/36)/((-4)/48)?
11
Suppose 0 = -118*d + 108*d + 7130. What is the remainder when d is divided by 3?
2
Suppose 384 - 277 + 298 = 3*t. Calculate the remainder when 269 is divided by t.
134
Let i = 24 + -17. Suppose q - 86 = -1. What is the remainder when q is divided by (477/126 - 2/(-4))*i?
25
Let u(o) = 8*o**2 + 97*o + 123. What is the remainder when 1027 is divided by u(-11)?
19
Let g(j) = 27*j**2 + 46*j + 64. Calculate the remainder when g(-4) is divided by 45.
42
Suppose -2*y - 591 = -q - 547, 0 = -5*q - 2*y + 160. Let g = -123 - -427. What is the remainder when g is divided by q?
32
Let n(u) = 2*u**3 - 6*u**2 + 5. Let v = -1023 + 1106. Calculate the remainder when v is divided by n(4).
9
Suppose 20*i + 14*i + 384 = 38*i. Calculate the remainder when 2974 is divided by i.
94
Suppose -4*x - 11 = -27. Suppose x*n + 2*q = 154, -n + 2 + 35 = 2*q. Suppose 4*h - h = n. What is the remainder when 48 is divided by h?
9
What is the remainder when 2364 is divided by ((-15943)/(-596))/((6/176)/3)?
10
Let g(r) = -93*r + 911. What is the remainder when 604 is divided by g(7)?
84
Let r = -64 - -80. Let o(q) = -q**3 - 11*q**2 + 10*q - 13. What is the remainder when -3 - (r - 0)*-1 is divided by o(-12)?
2
What is the remainder when 2126 is divided by (1 + 2)*-209*(-14)/462?
17
Suppose -v = -3*k + v + 151, 5*k + 2*v - 241 = 0. Let n be 1*-1*(k + 7). Let g = -44 - n. Calculate the remainder when 105 is divided by g.
9
Suppose -18*t + 10*t - 6*t = -27314. Calculate the remainder when t is divided by 21.
19
Let o(g) = 4*g. Let v be o(2). Suppose -v*n = 4*n. Suppose n*i = 3*i - 42. Calculate the remainder when 65 is divided by i.
9
L